{"id":8,"date":"2024-08-19T16:17:05","date_gmt":"2024-08-19T16:17:05","guid":{"rendered":"https:\/\/sasaribic-psihoterapija.com\/?page_id=8"},"modified":"2024-11-13T08:50:00","modified_gmt":"2024-11-13T08:50:00","slug":"vizitka","status":"publish","type":"page","link":"https:\/\/sasaribic-psihoterapija.com\/index.php\/vizitka\/","title":{"rendered":"O meni"},"content":{"rendered":"\n<div class=\"wp-block-media-text is-stacked-on-mobile is-vertically-aligned-top\"><figure class=\"wp-block-media-text__media\"><img loading=\"lazy\" decoding=\"async\" width=\"851\" height=\"1024\" src=\"https:\/\/sasaribic-psihoterapija.com\/wp-content\/uploads\/2024\/11\/spletna-stran-portret-1-851x1024.jpg\" alt=\"\" class=\"wp-image-217 size-full\" srcset=\"https:\/\/sasaribic-psihoterapija.com\/wp-content\/uploads\/2024\/11\/spletna-stran-portret-1-851x1024.jpg 851w, https:\/\/sasaribic-psihoterapija.com\/wp-content\/uploads\/2024\/11\/spletna-stran-portret-1-249x300.jpg 249w, https:\/\/sasaribic-psihoterapija.com\/wp-content\/uploads\/2024\/11\/spletna-stran-portret-1-768x924.jpg 768w, https:\/\/sasaribic-psihoterapija.com\/wp-content\/uploads\/2024\/11\/spletna-stran-portret-1-1276x1536.jpg 1276w, https:\/\/sasaribic-psihoterapija.com\/wp-content\/uploads\/2024\/11\/spletna-stran-portret-1-1702x2048.jpg 1702w\" sizes=\"auto, (max-width: 851px) 100vw, 851px\" \/><\/figure><div class=\"wp-block-media-text__content\">\n<p><strong>Sa\u0161a Ribi\u010d<\/strong><br><br><em>univ. dipl. pedagoginja, sistemska psihoterapevtka<br><\/em><br><br>Sem psihoterapevtka sistemskega pristopa, z zaklju\u010deno \u0161tiriletno specializacijo v mednarodni \u0160oli kibernetike psihoterapije \u2013 sistemski pristop ter zaklju\u010denim \u0161tudijem propedevtike v Slovenskem in\u0161titutu za psihoterapijo.<br>Univerzitetno izobrazbo sem zaklju\u010dila na Filozofski fakulteti Univerze v Ljubljani, sem univerzitetna diplomirana pedagoginja.<\/p>\n<\/div><\/div>\n\n\n\n<p><\/p>\n\n\n\n<p><\/p>\n\n\n\n<h2 class=\"wp-block-heading\">Moje izku\u0161nje<\/h2>\n\n\n\n<p><\/p>\n\n\n\n<p><\/p>\n\n\n\n<p>Moje izku\u0161nje pri psihoterapevtskem delu obsegajo delo z osebami, ki pri sebi prepoznajo <strong>motnje hranjenja<\/strong>, delo z <strong>mladimi<\/strong>, ki se ne znajdejo v vsakodnevnem \u017eivljenju in ne vidijo prihodnosti, delo z osebami z dolgotrajnimi te\u017eavami v du\u0161evnem zdravju, psihoterapevtsko delo s posamezniki z razli\u010dnimi te\u017eavami kot so <strong>depresija, anksioznost, pani\u010dni napadi, obsesivno kompulzivne motnje<\/strong>, ljubosumje, <strong>partnerske te\u017eave<\/strong>, te\u017eave<strong> pri vzgoji otrok<\/strong> in druge te\u017eave ter stiske. <\/p>\n\n\n\n<p><\/p>\n\n\n\n<p>Vodim delavnice na razli\u010dne teme osebnostne rasti, terapevtske skupine in izobra\u017eevalne skupine. Ob\u010dasno javno predavam o aktualnih temah vezanih na du\u0161evno zdravje. <\/p>\n\n\n\n<p><\/p>\n\n\n\n<p><strong>V zadnjih letih sem se najbolj specializirala v zdravljenju anksioznih te\u017eav in motenj.<\/strong> Vedno ve\u010d oseb se odlo\u010da za <strong>stalno delo na sebi, osebno rast<\/strong>. V teh procesih skupnega potovanja duhovne in osebne rasti \u0161e posebej u\u017eivam. <\/p>\n\n\n\n<p><\/p>\n\n\n\n<p>Sem u\u010dna psihoterapevtka za \u0161tudente psihoterapije.<\/p>\n\n\n\n<p><\/p>\n\n\n\n<p><strong>2002:&nbsp;<\/strong><\/p>\n\n\n\n<p>Svojo poklicno pot sem leta 2002 za\u010dela v dru\u0161tvu Ozara \u2013 Nacionalno zdru\u017eenje za kakovost \u017eivljenja, kjer sem \u0161tiri leta opravljala razli\u010dne strokovne naloge: svetovanje in spremljanje oseb s te\u017eavami v du\u0161evnem zdravju, vodenje skupine oseb s te\u017eavami v du\u0161evnem zdravju, skupine mladih, skupine svojcev in skupine prostovoljcev ter promocijsko delo na podro\u010dju du\u0161evnega zdravja.<\/p>\n\n\n\n<p><\/p>\n\n\n\n<p><strong>2007:&nbsp;<\/strong><\/p>\n\n\n\n<p>Leta 2007 sem nadaljevala kot sodelavka zavoda Primorsko svetovalno sredi\u0161\u010de \u2013 PRIMSS, kjer sem izvajala individualno, partnersko in dru\u017einsko psihoterapijo, vodila razli\u010dne terapevtske skupine ter delavnice za osebnostno rast.<\/p>\n\n\n\n<p><\/p>\n\n\n\n<p><strong>2008:&nbsp;<\/strong><\/p>\n\n\n\n<p>Leta 2008 sem sodelovala pri ustanavljanju dru\u0161tva Center za psihoterapijo in psihosocialno pomo\u010d \u2013 CPPK, katerega aktivna \u010dlanica in sodelavka sem \u0161e danes.&nbsp;<a href=\"http:\/\/www.cppk.eu\/slov\/sasa.html\">Ve\u010d o tem<\/a><\/p>\n\n\n\n<p><\/p>\n\n\n\n<p><strong>Od leta 2008 delam samostojno kot psihoterapevtka v svoji psihoterapevtski praksi v Izoli.<\/strong><\/p>\n\n\n\n<p><\/p>\n\n\n\n<p>Ples in gibanje sta pomemben del mojega vsakodnevnega \u017eivljenja, ki sta pomembno vplivala na pozitivne spremembe v mojem \u017eivljenju. Iz te izku\u0161nje po potrebi povezujem gibanje (telo) s psihoterapevtsko pomo\u010djo v obliki delavnic in terapevtske skupine ter tudi v individualni psihoterapiji.<\/p>\n\n\n\n<p><\/p>\n\n\n\n<p>Moja profesionalna pot je, kot pot vsakega kakovostnega in predanega terapevta, proces stalnega izobra\u017eevanja in ukvarjanja z lastno osebno rastjo. Kakovost mojega dela zagotavljam tudi z redno supervizijo, kar pomeni, da s psihoterapevtom u\u010diteljem stalno preverjam kakovost svojega psihoterapevtskega dela. Pri delu se zavezujem eti\u010dnemu kodeksu Slovenske krovne zveze za psihoterapijo.&nbsp;<a href=\"http:\/\/webcache.googleusercontent.com\/search?q=cache:MlFaKTCOGHYJ:www.cpmb.si\/documents\/ETICNI%2520KODEKS.pdf+&amp;cd=1&amp;hl=sl&amp;ct=clnk&amp;gl=si&amp;client=firefox-b\">Eti\u010dni kodeks skzp<\/a><\/p>\n\n\n\n<p><\/p>\n\n\n\n<p>V okviru \u0161tudija Fakultete za psihoterapevtsko znanost Sigmund Freud Ljubljana sem priznana kot u\u010dna psihoterapevtka za \u0161tudente psihoterapije.<\/p>\n","protected":false},"excerpt":{"rendered":"<p>Sa\u0161a Ribi\u010d univ. dipl. pedagoginja, sistemska psihoterapevtka Sem psihoterapevtka sistemskega pristopa, z zaklju\u010deno \u0161tiriletno specializacijo v mednarodni \u0160oli kibernetike psihoterapije \u2013 sistemski pristop ter zaklju\u010denim \u0161tudijem propedevtike v Slovenskem in\u0161titutu za psihoterapijo.Univerzitetno izobrazbo sem zaklju\u010dila na Filozofski fakulteti Univerze v Ljubljani, sem univerzitetna diplomirana pedagoginja. Moje izku\u0161nje Moje izku\u0161nje pri psihoterapevtskem delu obsegajo delo z [&hellip;]<\/p>\n","protected":false},"author":1,"featured_media":0,"parent":0,"menu_order":0,"comment_status":"closed","ping_status":"closed","template":"page-templates\/page-nosidebars.php","meta":{"footnotes":""},"class_list":["post-8","page","type-page","status-publish","hentry"],"_links":{"self":[{"href":"https:\/\/sasaribic-psihoterapija.com\/index.php\/wp-json\/wp\/v2\/pages\/8","targetHints":{"allow":["GET"]}}],"collection":[{"href":"https:\/\/sasaribic-psihoterapija.com\/index.php\/wp-json\/wp\/v2\/pages"}],"about":[{"href":"https:\/\/sasaribic-psihoterapija.com\/index.php\/wp-json\/wp\/v2\/types\/page"}],"author":[{"embeddable":true,"href":"https:\/\/sasaribic-psihoterapija.com\/index.php\/wp-json\/wp\/v2\/users\/1"}],"replies":[{"embeddable":true,"href":"https:\/\/sasaribic-psihoterapija.com\/index.php\/wp-json\/wp\/v2\/comments?post=8"}],"version-history":[{"count":18,"href":"https:\/\/sasaribic-psihoterapija.com\/index.php\/wp-json\/wp\/v2\/pages\/8\/revisions"}],"predecessor-version":[{"id":218,"href":"https:\/\/sasaribic-psihoterapija.com\/index.php\/wp-json\/wp\/v2\/pages\/8\/revisions\/218"}],"wp:attachment":[{"href":"https:\/\/sasaribic-psihoterapija.com\/index.php\/wp-json\/wp\/v2\/media?parent=8"}],"curies":[{"name":"wp","href":"https:\/\/api.w.org\/{rel}","templated":true}]}}