{"id":134,"date":"2024-08-19T19:58:50","date_gmt":"2024-08-19T19:58:50","guid":{"rendered":"https:\/\/sasaribic-psihoterapija.com\/?page_id=134"},"modified":"2024-08-28T07:57:07","modified_gmt":"2024-08-28T07:57:07","slug":"vrste-psihoterapije","status":"publish","type":"page","link":"https:\/\/sasaribic-psihoterapija.com\/index.php\/vrste-psihoterapije\/","title":{"rendered":"Vrste psihoterapije"},"content":{"rendered":"\n<p><strong>INDIVIDUALNA, PARTNERSKA, DRU\u017dINSKA<\/strong><\/p>\n\n\n\n<p><strong>Kot sistemska psihoterapevtka<\/strong>&nbsp;delam s posamezniki, pari in dru\u017einami, vedno z vidika, da je posamezna oseba del o\u017ejega, torej dru\u017einskega, in del \u0161ir\u0161ega sistema, ki vplivata nanjo in na katera povratno vpliva tudi vsak posameznik.&nbsp;<\/p>\n\n\n\n<p><\/p>\n\n\n\n<p><strong>INDIVIDUALNA<\/strong> <strong>PSIHOTERAPIJA<\/strong><\/p>\n\n\n\n<p>Zato lahko pridete na terapijo sami &#8211;&nbsp;<strong><em>individualna psihoterapija<\/em><\/strong>, \u010de \u010dutite, da je tako najbolje za vas. \u010ce imate te\u017eave v partnerstvu, se bo verjetno, ko bo za vas in za va\u0161ega partnerja\/-ko pravi \u010das, v terapijo vklju\u010dil\/-a tudi partner\/-ka.&nbsp;<\/p>\n\n\n\n<p><\/p>\n\n\n\n<p><strong>PARTNERSKA<\/strong> <strong>PSIHOTERAPIJA<\/strong><\/p>\n\n\n\n<p>Kadar \u017eelita oba partnerja spremembo v njunem odnosu, prideta na terapijo oba &#8211;&nbsp;<strong><em>partnerska psihoterapija<\/em><\/strong><em>.&nbsp;<\/em>Tekom terapije delamo na njunih skupnih \u017eelenih izhodih.&nbsp;<\/p>\n\n\n\n<p><\/p>\n\n\n\n<p><strong>DRU\u017dINSKA<\/strong> <strong>PSIHOTERAPIJA<\/strong><\/p>\n\n\n\n<p>Kadar ima te\u017eave otrok ali mladostnik, pride na terapijo vsa dru\u017eina z vsemi njenimi \u010dlani &#8211;&nbsp;<strong><em>dru\u017einska psihoterapija<\/em><\/strong>.&nbsp;<\/p>\n\n\n\n<p><\/p>\n\n\n\n<p>Iz ve\u010d razlogov je pomembno, da na terapijo pride vsa dru\u017eina:&nbsp;<\/p>\n\n\n\n<p><\/p>\n\n\n\n<ul class=\"wp-block-list\">\n<li>v dru\u017eini tako ni skrivnosti, ki bi simptome lahko \u0161e poglabljale ali jih prena\u0161ale na druge otroke,&nbsp;<\/li>\n\n\n\n<li>vsak \u010dlan dru\u017eine lahko tako po svojih mo\u010deh podpre svojega bli\u017enjega,&nbsp;<\/li>\n\n\n\n<li>dru\u017einski \u010dlan s te\u017eavami lahko za\u010duti to podporo,&nbsp;<\/li>\n\n\n\n<li>preko terapij postane dru\u017eina bolj varen prostor za odprt dialog in izmenjavo ob\u010dutkov,<\/li>\n\n\n\n<li>dru\u017eina kot sistem ima v sebi vire mo\u010di, ki lahko pomagajo otroku,&nbsp;<\/li>\n\n\n\n<li>spremembe so u\u010dinkovite in dolgoro\u010dne, \u010de se zgodijo celi dru\u017eini, ne le posameznim \u010dlanom dru\u017eine, proces zdravljenja je tako bolj u\u010dinkovit in morda tudi hitrej\u0161i.&nbsp;<\/li>\n<\/ul>\n\n\n\n<p><\/p>\n\n\n\n<p>In kako poteka&nbsp;<strong><em>dru\u017einska psihoterapija?&nbsp;<\/em><\/strong>&nbsp;<\/p>\n\n\n\n<p><strong>METODA \u00bbREKA \u017dIVLJENJA\u00ab<\/strong><\/p>\n\n\n\n<p>Po sistemski psihoterapevtski&nbsp;<strong>metodi&nbsp;<em>\u00bbReka \u017eivljenja\u00ab<\/em><\/strong>, ki jo je razvil psihoterapevt in u\u010ditelj Peter Nemetschek.&nbsp;&nbsp;<\/p>\n\n\n\n<p>S celotno va\u0161o dru\u017eino bomo na tleh s pomo\u010djo vrvi, lutk in simbolov postavljali va\u0161o reko \u017eivljenja: <\/p>\n\n\n\n<p>Kak\u0161na je vajina ljubezenska zgodba, lahko \u0161e vedno \u010drpata iz nje? <\/p>\n\n\n\n<p>Kateri so viri mo\u010di vsakega dru\u017einskega \u010dlana, ki lahko pomagajo?&nbsp;&nbsp;<\/p>\n\n\n\n<p>Kje se je zataknilo in kako te\u010de trenutno va\u0161a reka \u017eivljenja? <\/p>\n\n\n\n<p>Kaj se je \u017ee premaknilo naprej? <\/p>\n\n\n\n<p>Kako se vidite, ko vam bo uspelo? <\/p>\n\n\n\n<p>In kako takrat, ko bo kriza \u017ee davno za vami? <\/p>\n\n\n\n<p>Otroci se bodo s to preverjeno analogno metodo zelo dobro v\u017eiveli v terapevtski proces.&nbsp;&nbsp;<\/p>\n\n\n\n<p><\/p>\n\n\n\n<div class=\"wp-block-columns is-layout-flex wp-container-core-columns-is-layout-9d6595d7 wp-block-columns-is-layout-flex\">\n<div class=\"wp-block-column is-layout-flow wp-block-column-is-layout-flow\"><\/div>\n\n\n\n<div class=\"wp-block-column is-layout-flow wp-block-column-is-layout-flow\"><\/div>\n<\/div>\n\n\n<div class=\"wp-block-image\">\n<figure class=\"alignleft size-full\"><img loading=\"lazy\" decoding=\"async\" width=\"300\" height=\"225\" src=\"https:\/\/sasaribic-psihoterapija.com\/wp-content\/uploads\/2024\/08\/reka1.1-300x225-1.jpg\" alt=\"\" class=\"wp-image-151\"\/><figcaption class=\"wp-element-caption\"><em>Ilustrativni prikaz metode \u201cReka \u017eivljenja\u201d<\/em><\/figcaption><\/figure>\n<\/div>","protected":false},"excerpt":{"rendered":"<p>INDIVIDUALNA, PARTNERSKA, DRU\u017dINSKA Kot sistemska psihoterapevtka&nbsp;delam s posamezniki, pari in dru\u017einami, vedno z vidika, da je posamezna oseba del o\u017ejega, torej dru\u017einskega, in del \u0161ir\u0161ega sistema, ki vplivata nanjo in na katera povratno vpliva tudi vsak posameznik.&nbsp; INDIVIDUALNA PSIHOTERAPIJA Zato lahko pridete na terapijo sami &#8211;&nbsp;individualna psihoterapija, \u010de \u010dutite, da je tako najbolje za vas. [&hellip;]<\/p>\n","protected":false},"author":1,"featured_media":0,"parent":0,"menu_order":0,"comment_status":"closed","ping_status":"closed","template":"page-templates\/page-nosidebars.php","meta":{"footnotes":""},"class_list":["post-134","page","type-page","status-publish","hentry"],"_links":{"self":[{"href":"https:\/\/sasaribic-psihoterapija.com\/index.php\/wp-json\/wp\/v2\/pages\/134","targetHints":{"allow":["GET"]}}],"collection":[{"href":"https:\/\/sasaribic-psihoterapija.com\/index.php\/wp-json\/wp\/v2\/pages"}],"about":[{"href":"https:\/\/sasaribic-psihoterapija.com\/index.php\/wp-json\/wp\/v2\/types\/page"}],"author":[{"embeddable":true,"href":"https:\/\/sasaribic-psihoterapija.com\/index.php\/wp-json\/wp\/v2\/users\/1"}],"replies":[{"embeddable":true,"href":"https:\/\/sasaribic-psihoterapija.com\/index.php\/wp-json\/wp\/v2\/comments?post=134"}],"version-history":[{"count":5,"href":"https:\/\/sasaribic-psihoterapija.com\/index.php\/wp-json\/wp\/v2\/pages\/134\/revisions"}],"predecessor-version":[{"id":156,"href":"https:\/\/sasaribic-psihoterapija.com\/index.php\/wp-json\/wp\/v2\/pages\/134\/revisions\/156"}],"wp:attachment":[{"href":"https:\/\/sasaribic-psihoterapija.com\/index.php\/wp-json\/wp\/v2\/media?parent=134"}],"curies":[{"name":"wp","href":"https:\/\/api.w.org\/{rel}","templated":true}]}}